t u be q(5). Suppose 5*m - u = -4*l, -7 + 34 = m - 4*l. What are the prime factors of m?
3
Let k = -9 + 3. Let f(n) = -n**3 - 7*n**2 - 8*n - 6. What are the prime factors of f(k)?
2, 3
Suppose -25 = -4*a - a. Suppose 0*w + 4*q = -w, -4*w + a*q = -63. List the prime factors of w.
2, 3
Let y(p) be the third derivative of -p**5/60 + 3*p**4/8 - 2*p**3/3 - 3*p**2. What are the prime factors of y(6)?
2, 7
Let t = 85 - 51. Suppose m - 10 = -u, -4*m = m - 3*u - t. What are the prime factors of m?
2
What are the prime factors of ((-4)/(-5))/(4/150)?
2, 3, 5
Let h(c) = -c**3 + 4*c - 3. Let m be h(2). Let n be m*13/(-3) - 0. Suppose 6 - n = -p. List the prime factors of p.
7
Let h = 20 - 13. Let n be -2*1/2 + h. Let v = 13 - n. List the prime factors of v.
7
Suppose -x - 25 = -6*x + 4*l, -2*x = -5*l - 27. Suppose k = -3*k + 28. Let m = k + x. What are the prime factors of m?
2
What are the prime factors of (-1565)/(-10) - 6/4?
5, 31
Let l(q) = q**2 - 8*q + 7. Let k be l(7). Let w(i) = i**2 + i + 16. What are the prime factors of w(k)?
2
Let x = -7 + 9. Suppose -o = 2*y + x*y - 52, -5*o = -5*y + 40. What are the prime factors of y?
2, 3
Suppose -2*z = -5 - 1. Suppose -5*p = -2*x + 11, z*x + 3*p - 5 = 1. What are the prime factors of x?
3
Suppose 32 = w - 8. What are the prime factors of (36/10)/(8/w)?
2, 3
Let u = 257 - 180. Suppose 5*p = u - 32. What are the prime factors of p?
3
What are the prime factors of 12 + (-9 - -5)/(-2)?
2, 7
Let y(o) = 3*o + 1. Let g be y(2). Let m = -3 - g. List the prime factors of (12/m)/((-18)/60).
2
Let g = -63 + 230. What are the prime factors of g?
167
Let z(j) = -2*j**2 - 34*j - 12. Let k be z(-16). Let f = 4 + 1. Suppose k = f*x - 0*x. What are the prime factors of x?
2
Let f(i) = i**3 - 5*i**2 - 7*i + 6. Let y be f(6). Suppose y*o - 8 = -o. What are the prime factors of (18/o)/(9/24)?
2, 3
Let n(s) = -s + 3. Let d be n(0). Suppose 27 = d*a - 0*a. What are the prime factors of a?
3
Suppose 27*s - 100 = 23*s. What are the prime factors of s?
5
Suppose -2*m + 5*m - 5*s = 241, 0 = m - 2*s - 80. Let r = -28 + m. What are the prime factors of r?
2, 3
Let z(h) = -h**2 + 5*h + 8. Let t be z(6). Let q be (-1)/(2/(-8)) - t. Suppose q*w + 4 = 0, -2*n - 5*w = -6*n + 22. List the prime factors of n.
3
Let d = 1 - 3. Let u = d + 16. What are the prime factors of u?
2, 7
Let z(m) be the first derivative of m**3 + m**2 + 2*m + 4. What are the prime factors of z(-2)?
2, 5
Let u = 45 - 9. List the prime factors of u.
2, 3
Let m(f) = f**2 - 2*f + 4. Let c be m(4). List the prime factors of 1/((-9)/c)*-12.
2
List the prime factors of 1908/10 + (-4)/5.
2, 5, 19
Suppose 5*m = 3*p - 72, -m + 6*m - 48 = -2*p. What are the prime factors of p?
2, 3
Suppose 5*n = 11 + 4. Suppose n*g + 122 = 5*g. Suppose 2*t - 21 = -3*c, 5*t - c = -0*t + g. What are the prime factors of t?
2, 3
List the prime factors of (-231)/(-18) - 3/(-18).
13
Suppose 0 = 4*i + 5*j + 12, 0 = -i + 3*i + 5*j + 16. Suppose 4*v - i*v = 16. List the prime factors of v.
2
Let d(r) = -4*r**2 - r + 6. Let l(o) = -3*o**2 + 5. Let g(j) = 2*d(j) - 3*l(j). List the prime factors of g(4).
5
Let k(j) = -193*j**3 + j**2 - 6*j - 6. What are the prime factors of k(-1)?
2, 97
What are the prime factors of 3*7*72/42?
2, 3
Let m(b) = 2*b**2 + 6*b + 9. Let x be m(-7). Let k = x - 29. List the prime factors of k.
2, 3
Let j = -5 + 10. Let q = 11 - j. Suppose 3*d = -q, -5*d - 2 = -m + 2*m. List the prime factors of m.
2
Suppose p - 15 = -r + 38, -4*r = -4*p - 172. Suppose -r = 4*q - 6*q. List the prime factors of q.
2, 3
Suppose -4*t + 18 = 2. Suppose 9 = -3*o + t*o. What are the prime factors of o?
3
Let b = 193 - 116. List the prime factors of b.
7, 11
Suppose 4*m + 6 = 310. List the prime factors of m.
2, 19
Let f = -18 - -14. Let n(m) be the first derivative of m**4/4 + 4*m**3/3 - m**2/2 + 2*m + 1. What are the prime factors of n(f)?
2, 3
Let a = -3 + 5. Suppose a*s = 7*s - 20. Suppose -3*i - 26 = -h - 7*i, -32 = -s*h + 2*i. What are the prime factors of h?
2, 5
Suppose -3*y + l = -1 - 70, -2*y + 42 = 2*l. Suppose -j - y = -0*j. Let q = -15 - j. List the prime factors of q.
2
Let j(g) = -3*g**3 + g**2 - 2*g + 2. List the prime factors of j(-3).
2, 7
Suppose z = -3 + 4. Let x(s) = z - 3*s - 4 + 5 + s**2. What are the prime factors of x(3)?
2
Suppose -185 + 47 = 3*b. Suppose 3*u + 1 = -a + 4, 0 = 2*u - 2*a - 2. List the prime factors of (b/((-2)/u))/1.
23
Let l(s) = -12*s + 29. Let b(y) = 4*y - 10. Let w(d) = -17*b(d) - 6*l(d). List the prime factors of w(5).
2
Suppose 18 = 3*l - 6. What are the prime factors of 6/2 + (l - 3)?
2
Let m(x) = -8*x - 2. What are the prime factors of m(-21)?
2, 83
Suppose 9*k - 5*k - 96 = 0. List the prime factors of k.
2, 3
Let w = 181 + -119. List the prime factors of w.
2, 31
Let c = -67 - -120. List the prime factors of c.
53
What are the prime factors of -2*15/20 + 641/2?
11, 29
Let z be 2/(-8) + 77/(-28). What are the prime factors of (-1)/1*z - -1?
2
Let z = 66 - 34. What are the prime factors of z?
2
Suppose -150 = -6*a - 24. What are the prime factors of a?
3, 7
Suppose -2*n + 3*n = 0. Suppose -6 = -4*i - 5*u - 44, n = 4*i - u + 26. Let q(r) = -r**3 - 6*r**2 + 6*r - 3. List the prime factors of q(i).
2
Let n = 147 + -36. List the prime factors of n.
3, 37
Let f be (10/4)/(2/12). Let i = f + 11. What are the prime factors of i?
2, 13
Let i(f) = -f + 12. Let l be i(10). Let t be 1 - 4/l - -1. Suppose m - 3 - 8 = t. List the prime factors of m.
11
Let h(o) = -o**3 + 9*o**2 - 7*o + 12. Let f be 25/3 - 1/3. List the prime factors of h(f).
2, 5
Let z(d) = -d**3 + 6*d**2 + 4. List the prime factors of z(6).
2
Suppose 0*z - 24 = -4*z - 5*s, z = 4*s - 15. Suppose -5*q + z + 9 = 0. Suppose -2*f - 2*f + 64 = -x, -2*f = -q*x - 38. List the prime factors of f.
3, 5
Let t(n) = -2*n**3 - n**2 + 3*n + 2. Suppose 3*p + 0*p = 5*m - 35, -5 = p. Suppose -m*d - 10 + 2 = 0. What are the prime factors of t(d)?
2
What are the prime factors of 1 + 78 + 0 + -6 + 4?
7, 11
Let o be 2 - (-3 - -6) - -1. Suppose 34 = -4*k - 2*g, 5*k = 3*g - o*g - 70. Let w = k + 21. List the prime factors of w.
2, 5
Suppose 3*r + 17 = 59. What are the prime factors of r?
2, 7
Suppose 0 = 4*u - 5*u - 5*q + 5, u = -q + 5. Suppose 0 = -u*t + 238 - 3. List the prime factors of t.
47
Let l(m) = 87*m**3 + m**2 - m. Let d be l(1). Suppose -d = -2*u - 13. What are the prime factors of u?
37
Suppose -z + 62 = 3*r + 7, -3*r - 293 = -5*z. What are the prime factors of z?
2, 29
Suppose 0 = -3*q + 6 - 0. Let m(o) = o**3 - 2*o**2 - 3*o + 1. Let w be m(2). Let g = q - w. List the prime factors of g.
7
Let n be -9*(1 + (-4)/2). Let k be 98/8 + (-1)/4. Suppose 0 = n*j - 5*j - k. What are the prime factors of j?
3
Let c be (1 - 1/4)*-8. Let m = c + 3. Let t = 1 - m. List the prime factors of t.
2
Suppose -2*j = 2*j - 44. Suppose 3 = -4*h + j. Suppose 3*l - 55 = -3*t - h*l, -5*t + 35 = -3*l. List the prime factors of t.
2, 5
Suppose 2*w + 13*a - 16*a = 408, 5*w = -4*a + 1066. List the prime factors of w.
2, 3, 5, 7
Suppose -2*o - 5*f + 286 = -19, 0 = -5*o + f + 695. Suppose r = 4*r + 15, 5*q - 3*r + o = 0. Let v = 44 + q. What are the prime factors of v?
13
Let j(x) = -7*x - 30. List the prime factors of j(-9).
3, 11
Let x(l) = -5*l**3 + 1 - 4*l + 5*l + l**2 - 2*l**2. Let z be x(-1). Suppose w = 4*u - 29, 0 = z*u - 4*w - 17 - 15. What are the prime factors of u?
7
Let t(x) = 99*x + 17. List the prime factors of t(4).
7, 59
Suppose 0 = -11*f - 3*f + 2394. What are the prime factors of f?
3, 19
Let c be (-15)/(-2)*(-10)/(-5). Suppose 0 = -5*q + c. List the prime factors of q.
3
Let j(b) be the second derivative of b**4/3 + b**3/6 - b**2/2 - b. List the prime factors of j(-2).
13
Let j(v) = -v**2 + 6*v + 2. Suppose 1 = q, -3*q = -5*d + q + 26. Let x be j(d). Suppose 0*p + 5*p = 4*i - 13, 5*i + x*p = 8. What are the prime factors of i?
2
Suppose h - 3*g - 156 = 4*h, 3*g = 6. Let b = 106 + h. Suppose b = s + 3*s. What are the prime factors of s?
13
Suppose -x - 5*m + 34 = 0, 2*m = -2*x + 27 + 1. Suppose -x*b = -6*b. Suppose -c = -5*z - 27, -z + 2*z + 5 = b. List the prime factors of c.
2
Let j = -6 + 12. List the prime factors of j.
2, 3
Suppose -160 = -4*s - 4*t, -3*s = -2*t + t - 116. List the prime factors of s.
3, 13
Sup